at is the highest common factor of 935 and 517?
11
What is the highest common divisor of 7203 and 588?
147
Calculate the highest common factor of 84 and 478758.
42
What is the highest common factor of 388 and 72362?
194
Calculate the highest common divisor of 540 and 366080.
20
What is the highest common divisor of 440 and 13360?
40
Calculate the highest common factor of 297 and 51777.
99
Calculate the highest common factor of 160 and 436.
4
Calculate the highest common factor of 1325 and 1425700.
1325
Calculate the greatest common divisor of 88452 and 3456.
108
What is the greatest common factor of 108 and 13662?
54
What is the greatest common divisor of 175 and 589995?
35
Calculate the greatest common factor of 7950 and 5475.
75
Calculate the greatest common divisor of 30041 and 1727.
11
Calculate the highest common divisor of 244656 and 18.
18
What is the highest common factor of 975989 and 7?
7
Calculate the greatest common factor of 11472 and 1296.
48
What is the greatest common factor of 207865 and 35?
35
Calculate the greatest common divisor of 7 and 284081.
7
Calculate the highest common factor of 163910 and 2960.
370
What is the greatest common factor of 12775 and 6643?
511
What is the greatest common divisor of 81 and 777?
3
Calculate the greatest common factor of 1265 and 16721.
23
What is the highest common divisor of 212288 and 8184?
248
What is the highest common divisor of 31032 and 198?
18
Calculate the highest common factor of 8806 and 34595.
629
Calculate the highest common factor of 20079 and 4761.
207
Calculate the highest common factor of 52 and 171548.
52
Calculate the greatest common factor of 17563 and 52.
13
Calculate the highest common divisor of 18480064 and 64.
64
Calculate the highest common factor of 1569802 and 26.
26
Calculate the greatest common divisor of 1800 and 2600.
200
Calculate the highest common factor of 38784 and 72.
24
Calculate the greatest common divisor of 320 and 860.
20
What is the highest common divisor of 42724 and 5676?
44
Calculate the highest common divisor of 347 and 228326.
347
What is the highest common factor of 125 and 108475?
25
What is the greatest common divisor of 151873 and 58?
29
Calculate the greatest common factor of 88 and 59587.
11
What is the greatest common factor of 6150 and 66?
6
What is the highest common factor of 45724 and 3220?
644
Calculate the highest common divisor of 346170 and 10560.
330
What is the greatest common factor of 158 and 300042?
158
What is the highest common divisor of 35108 and 38252?
524
Calculate the greatest common factor of 15 and 351930.
15
What is the greatest common factor of 2236864 and 896?
448
What is the greatest common factor of 303110 and 170?
170
What is the greatest common divisor of 51280 and 344?
8
What is the highest common divisor of 11942 and 52886?
1706
Calculate the greatest common factor of 81 and 7587.
27
What is the highest common divisor of 458030 and 13040?
1630
What is the greatest common divisor of 191872 and 128?
128
Calculate the highest common divisor of 4084 and 8.
4
What is the highest common divisor of 57 and 579994?
19
Calculate the greatest common factor of 5780 and 420.
20
Calculate the greatest common factor of 17160 and 1608.
24
Calculate the highest common divisor of 7587 and 360804.
843
What is the highest common divisor of 348 and 200274?
174
What is the greatest common factor of 45653 and 4501?
643
Calculate the highest common divisor of 28 and 1026074.
14
Calculate the greatest common divisor of 1326 and 4386.
102
What is the greatest common divisor of 3689 and 21539?
119
What is the highest common divisor of 44948 and 68?
68
What is the highest common divisor of 6612 and 60?
12
Calculate the highest common factor of 360 and 15240.
120
Calculate the greatest common factor of 740 and 54205.
185
What is the greatest common divisor of 30850 and 2650?
50
Calculate the highest common factor of 99800 and 3100.
100
Calculate the highest common divisor of 1526 and 14824.
218
What is the highest common divisor of 14804 and 28?
4
Calculate the highest common divisor of 5010776 and 8.
8
Calculate the greatest common factor of 32510 and 15.
5
Calculate the greatest common factor of 396 and 92952.
36
Calculate the greatest common factor of 362 and 33.
1
What is the highest common divisor of 9947 and 3045?
203
What is the greatest common factor of 513 and 3699?
27
Calculate the highest common factor of 116316 and 216.
108
Calculate the highest common factor of 165937 and 1161.
43
Calculate the greatest common factor of 98000 and 1470.
490
Calculate the greatest common divisor of 1653 and 441.
3
Calculate the greatest common divisor of 116 and 181453.
29
What is the greatest common factor of 6 and 151839?
3
What is the greatest common divisor of 40 and 139205?
5
What is the highest common factor of 76 and 779722?
38
What is the highest common factor of 4981 and 170?
17
What is the greatest common factor of 80 and 130940?
20
What is the highest common divisor of 110 and 25135?
55
Calculate the highest common factor of 64 and 10592.
32
Calculate the greatest common divisor of 5512 and 1060.
212
Calculate the greatest common factor of 801309 and 74.
37
Calculate the greatest common divisor of 154 and 28402.
22
What is the greatest common factor of 200420 and 220?
220
What is the highest common factor of 351726 and 3294?
366
Calculate the greatest common divisor of 2144 and 32696.
536
What is the highest common factor of 3553 and 1463?
209
What is the highest common factor of 1652 and 105964?
236
Calculate the highest common factor of 2421 and 803503.
269
What is the greatest common divisor of 121057 and 34?
17
Calculate the highest common factor of 17 and 2879341.
17
Calculate the highest common divisor of 11 and 103741.
11
Calculate the greatest common factor of 50 and 89510.
10
What is the greatest common divisor of 4 and 59308?
4
What is the highest common divisor of 2053 and 1972933?
2053
Calculate the highest common divisor of 410752 and 128.
128
What is the greatest common factor of 25 and 7825?
25
What is the greatest common factor of 16965 and 10005?
435
Calculate the greatest common divisor of 29 and 61451.
29
What is the greatest common factor of 190 and 20235?
95
What is the highest common divisor of 3670 and 680?
10
What is the greatest common divisor of 3570 and 62050?
170
Calculate the highest common factor of 180360 and 2880.
360
What is the highest common factor of 396 and 78606?
198
Calculate the highest common factor of 2519 and 4873.
11
What is the greatest common divisor of 230714 and 242?
22
What is the greatest common factor of 340 and 61030?
170
What is the highest common factor of 15218 and 18284?
14
Calculate the highest common divisor of 1980748 and 56.
28
What is the greatest common divisor of 255354 and 803?
803
What is the greatest common divisor of 88856 and 928?
232
Calculate the greatest common factor of 238 and 3346.
14
Calculate the highest common factor of 2018825 and 1150.
575
What is the greatest common divisor of 6325 and 2875?
575
What is the greatest common divisor of 4116 and 84?
84
Calculate the highest common divisor of 6072 and 616.
88
What is the highest common factor of 405 and 198450?
405
What is the greatest common factor of 34 and 217549?
17
Calculate the greatest common divisor of 99 and 2685672.
99
What is the greatest common divisor of 64889 and 33?
11
What is the highest common factor of 12965 and 5?
5
Calculate the highest common factor of 299265 and 22480.
1405
What is the greatest common divisor of 9073740 and 120?
60
Calculate the greatest common divisor of 944001 and 27.
27
Calculate the greatest common divisor of 349 and 7707665.
349
What is the highest common divisor of 9453 and 897?
69
Calculate the highest common divisor of 70620 and 1661.
11
What is the greatest common factor of 40948 and 464?
116
Calculate the highest common factor of 89516 and 529.
23
What is the highest common factor of 19 and 4?
1
Calculate the greatest common divisor of 676 and 73346.
338
Calculate the highest common divisor of 98 and 6776.
14
What is the highest common divisor of 3282955 and 1105?
1105
Calculate the highest common divisor of 1589 and 14.
7
Calculate the greatest comm